+ 1. Let g(d) = -2*d**2 + 2 + 17 + d**2 + 11*d + 6. Let u be g(13). What is v(u)?
6
Let k(o) = 3*o - 2. Let b(j) = -j. Let a be b(-3). Suppose -4 = -3*r - 2*v - a*v, -3*r + 4*v - 14 = 0. Let z = r - -4. What is k(z)?
4
Suppose -5*x = -4*x + 3. Let z(t) = -t**2 - 2*t + 3. Let n be z(x). Suppose 0 = -3*p - n*p. Let c(o) = -o**2 - o - 2. Determine c(p).
-2
Suppose -2*l - 3*l + 15 = 0. Let j(m) = l + 8 + 3*m - 2*m + m**2. Give j(0).
11
Suppose 11*i = 12 + 10. Let n(s) = -s - s**3 + 76*s**2 + 3*s - 4 - 79*s**i. Determine n(-4).
4
Suppose 5*q - 15 = 0, -5*c - 3*q + 44 = -5*q. Let d(o) = -2*o + 23 - 24 + c*o. Calculate d(-1).
-9
Suppose 2*w - 8 = -2*r - 6, -3*r + 5 = w. Let b(n) = 2*n**2 - 4 + 7*n**r - 7*n**2 + n. Determine b(3).
17
Let l(o) be the first derivative of -5 - 2*o**2 + 6*o + 1/3*o**3. Suppose -3*v + 2*t + 0*t + 11 = 0, v = 2*t + 1. Determine l(v).
11
Suppose 5*j - 8*j = -6. Suppose 3*g = -j*g - 25. Let c(f) be the first derivative of f**3/3 + 5*f**2/2 + 6*f + 5. Give c(g).
6
Let p(o) be the third derivative of -o**6/120 + o**5/12 - 5*o**4/24 + o**3/6 - 53*o**2. What is p(5)?
-24
Let q(o) = 6*o**2 + 2*o + 2. Let j be 14/(-4)*(-304)/(-532). Give q(j).
22
Let b = -20 - -23. Suppose -b*o + 5 = -2*o. Let x(q) = -q**3 - 1 - q + 3 - 2*q**2 - o*q**2 + 2*q**2. Calculate x(-3).
-13
Let j be 3 - (-2 - (-2 - -2)). Let r(m) = -j*m + 7 + 3*m - 3. Suppose -16 = x - 5*x + 2*b, -5*x = 2*b - 20. What is r(x)?
-4
Let d(j) be the third derivative of -25*j**4/24 - 237*j**2. Give d(-1).
25
Let g(v) = 13*v**3 + v**2 - 1. Suppose -592*f = -584*f + 8. Give g(f).
-13
Let b(m) be the first derivative of m**7/840 - 7*m**6/360 + 7*m**5/120 - m**4/3 - 29*m**3/3 - 26. Let n(l) be the third derivative of b(l). Determine n(6).
-2
Let g = 995 + -1003. Let d(j) = -j**2 - 8*j - 9. Calculate d(g).
-9
Let a be 1/(-2) - (-7)/(-2). Let o(i) = -2*i + 32. Let r be 11*(3/3 - 0). Let u(n) = -n + 11. Let j(p) = a*o(p) + r*u(p). Calculate j(-6).
11
Suppose -15*z - 152 = 58. Let m(l) = l**2 + 14*l - 5. Calculate m(z).
-5
Let x(a) be the first derivative of -a**3 + a**2 - 235. Let c(p) = 4*p**2 + 2*p + 1. Let j be c(-1). Determine x(j).
-21
Let p(v) = -v**2 - 74*v - 82. Let m be p(-73). Let d(w) = -w**2 - 11*w - 8. What is d(m)?
10
Let r(t) = -5*t + 14*t**2 - 22*t**2 + 14*t**2 - 5 - t**3. Suppose -5*x - k = -10, 0*k = 2*x + 2*k - 12. Let w(d) = 6*d - 1. Let b be w(x). Determine r(b).
-5
Let l(w) be the second derivative of w**3/6 - 4*w**2 + 80*w. Calculate l(7).
-1
Let l(a) = -11*a - 11. Let c(t) be the third derivative of -t**4/6 - 2*t**3/3 + 3*t**2. Let s(z) = 8*c(z) - 3*l(z). Let h = 2 + -3. Calculate s(h).
0
Suppose 0 = 3*a + 4*b + 18, 76*b + 12 = -2*a + 80*b. Let o(h) = -3*h + 10. Let z(r) = -2*r + 9. Let c(k) = -3*o(k) + 4*z(k). Calculate c(a).
0
Let h(i) = -i**3 - 4*i**2 - i + 4. Let u = -188 + 185. Calculate h(u).
-2
Let m(w) be the second derivative of -w**4/12 - 4*w**2 - 17*w + 7. Calculate m(6).
-44
Let h = -3 + 6. Let l(p) be the third derivative of p**6/120 - p**5/12 + p**4/6 + p**3/6 + 4*p**2 + 12. Determine l(h).
-5
Let l(u) = 12*u - 54 + 143 - 59 - 52 - u**2. Calculate l(9).
5
Let z be (-444)/60 - (-6)/(-10). Let a(g) be the second derivative of g - 1/6*g**3 + 0 - 7/2*g**2. Calculate a(z).
1
Let y(g) = -g**2 - 142 + 4*g**3 - 4*g**3 - g**3 + 159. Calculate y(0).
17
Let q(i) = -8*i. Let t be 63/(-6) + 2/4. Let v = t - -6. Let w be (v - -3)*(1 - 0). Give q(w).
8
Let o = -10/21 + 47/84. Let d(p) be the third derivative of -o*p**4 + 0*p + 0 - 1/3*p**3 - 7*p**2. Determine d(-3).
4
Suppose 28*g = 40 - 96. Let w(d) = 22*d + 1. Determine w(g).
-43
Let v(n) = -n**3 + 8*n**2 - 7*n + 5. Suppose 3*b = -4*s + 16, -2*b + 12*s = 8*s - 4. What is v(b)?
41
Let v(q) = -16 + q**2 + 19 - q - 11 - 6*q. Let b = -149 + 157. Determine v(b).
0
Let v(f) = 37 + 8*f**2 + 34 - 89 - 24*f. Let m(y) = 3*y**2 - 8*y - 6. Suppose -d = -2*d + 2*s, 3*d + 20 = -4*s. Let x(i) = d*v(i) + 11*m(i). Determine x(-6).
-6
Let r(o) = o**2 + o - 8. Let d(p) = 7*p**3 - p**2 - p + 1. Let i be d(-1). Calculate r(i).
22
Let y(x) = x**3 + 1. Let b = -7 - -10. Let v = b + -1. Suppose v*k = a + 10, 3*k + 2 = -3*a + 2*k. Determine y(a).
-7
Let d(w) be the first derivative of w**4/4 - w**3/3 - w**2/2 - 2*w + 1. Suppose -5*f = 4*r, 18*r = 14*r - 2*f. Give d(r).
-2
Let s = 1016 - 1019. Let q(t) = -t**3 - 3*t**2 - 4*t - 10. Give q(s).
2
Let k(m) = -m - 2. Suppose 3*b - 3 = -l, 1 = 2*l + b - 5. Suppose -3 = 2*x + l. What is k(x)?
1
Let b(l) = -32*l - 190. Let u be b(-6). Let m(z) = 11*z - 1. Give m(u).
21
Suppose -4*v + 16 = 3*g, -4 = 3*g + v - 2*v. Let a = -6 + 8. Suppose -6*j + 2*j - k - 25 = g, -a*j - 5*k - 35 = 0. Let s(o) = o + 6. Calculate s(j).
1
Let l(i) = 3*i - 10. Let d(p) = -p - 1. Let x(r) = -4*d(r) - l(r). Let v be x(-8). Let f(s) = -8 + 5*s - 4*s + s**2 + 1 - 3*s. Calculate f(v).
17
Let a(d) = -d**3 - 3*d**2 + 8*d + 5. Let s(c) = c**3 - 2*c. Let i(f) = -a(f) - 2*s(f). What is i(4)?
-37
Let t(m) = 2*m**2 + 43*m + 20. Let l be t(-21). Let o(r) = -27*r**3 - r - 1. What is o(l)?
27
Let z(j) = -j**3 - 2*j**2 - j + 8. Let o(p) = 3*p**3 + 6*p**2 + 2*p - 23. Let s(f) = 4*o(f) + 11*z(f). Determine s(-2).
2
Let n(x) = -x - 4. Let f(r) = -r**2 - 7*r - 5. Let h be f(-7). Let y be 96/(-30) + (-1)/(-5). Let k = h - y. What is n(k)?
-2
Let i(c) be the first derivative of c**4/4 - c**3/3 + c + 23. Suppose 2*o = 2*x, -8*o - x + 18 = -3*o. Let t be (o/(-1))/(3/2). Give i(t).
-11
Let g(z) = -41*z + 78*z - 38*z + 1. Suppose 6*t + 3 = v + 4*t, 5*v - 15 = -4*t. Determine g(v).
-2
Let j(d) = -d**3 + 5*d**2 + 5*d + 6. Let x(u) = -6*u - 24. Let p(n) = -n**3 - 18*n**2 - n - 23. Let a be p(-18). Let l be x(a). What is j(l)?
0
Let t(i) = i**3 - 11*i**2 - 40*i - 30. Let m be t(14). Let o(j) = -11*j - 1. What is o(m)?
21
Let h(l) be the third derivative of -l**5/60 + 5*l**4/24 + l**3/3 - 2*l**2. Suppose -16*g + 157 - 61 = 0. What is h(g)?
-4
Let o = -6 - -11. Let y(w) be the third derivative of -w**5/60 - 7*w**4/24 + 4*w**3/3 - 7*w**2. Let s(g) = g**2 + g - 1. Let v(k) = 2*s(k) + y(k). Give v(o).
6
Suppose -53*r + 65 = -66*r. Let n(o) = -o - 5. Determine n(r).
0
Let w = 121 + -81. Let n be ((-24)/5)/((-12)/w). Let l be ((-36)/(-16))/((-6)/n). Let c(m) = -m**2 - 6*m - 6. What is c(l)?
-6
Let b(u) be the first derivative of 2*u**2 - 7*u - 14 - 2*u**3 - 1/4*u**4. Give b(-7).
14
Let h(k) = -8*k**2 + 2*k + 1. Let q = 137 + -111. Suppose -3*x + 2*p = -16, x - q = 3*p - 9. Give h(x).
-27
Let q(c) = 6*c + 4. Let u(v) = 5*v + 5*v + 2 + 2 - 5*v. Let i(t) = 6*q(t) - 7*u(t). Calculate i(0).
-4
Let s(c) = -c**2 + 5*c. Let y = 92 - 87. Let j be s(y). Let k(g) = -g**2 + g + 3. What is k(j)?
3
Let f(g) = -4*g + 1 + 2 - 4 + 2*g. Let n(w) = w**3 + 5*w**2 + 6*w + 9. Let d be n(-4). Give f(d).
-3
Let n be 1*(110/(-3))/(10/(-15)). Let l = n - 57. Let q(o) = o + 2. What is q(l)?
0
Let u(t) = 9*t + 43. Let r(x) = -7*x - 36. Let f(w) = -5*r(w) - 4*u(w). What is f(5)?
3
Let m(t) = -4*t - 1. Let u(p) = 8*p - 2. Let j(b) = -1. Let q(c) = -4*j(c) + u(c). Let g(l) = 13*m(l) + 6*q(l). Give g(-1).
3
Let t(w) = -266*w + 13 + 5 + 131*w + 134*w. Give t(0).
18
Let l(r) = -11*r + 51*r - 4 - 19*r + 2 - 23*r. Give l(-6).
10
Suppose -2*n = -5*x + 7 - 3, -4*n - 2*x + 40 = 0. Let c(b) = -b**2 + 4*b + 1. Calculate c(n).
-31
Let j(y) = -172733*y**3 + 5*y + 29 + 172734*y**3 - 4*y**2 - 16*y. Give j(5).
-1
Let a(t) = -2*t**2 + 7*t - 10. Let c(b) = b**2 - 5*b + 5. Let r(j) = 2*a(j) + 5*c(j). What is r(8)?
-19
Let f be (1/2)/((-3)/6). Let b(r) be the first derivative of 3*r - 16 - 2*r + 4 - 2*r - 3*r**3. What is b(f)?
-10
Let m(p) = p**3 + 5*p**2 - 6*p + 6. Let n be m(-6). Let i = 6750 - 3204. Let z(f) = 4*f - 2*f - i + 3538. What is z(n)?
4
Suppose 15 + 9 = 4*j. Let b(n) = -4*n + n**3 + j*n**2 + 4 + 0 - 2*n**3 - 7. Suppose 0 = -2*c - 8, 0 = 5*o - 0*o - 4*c - 41. Give b(o).
2
Let c be ((-96)/128)/(6/(-8)). Let t(f) = -8*f**3 + 2*f**2 - 1. Calculate t(c).
-7
Let n(t) = 2*t + 3. Let w = -291 + 291. Let c(f) = 2*f + 1. Let o be c(4). Suppose w = -z + 4*z + o. Calculate n(z).
-3
Let f(m) = m**3 - m**2 - 2*m + 4. Let j be f(2). Let x(l) = l - 3. Let z(g) = g - 6. Let v(o) = -5*x(o) + 3*z(o). Determine v(j).
-11
Suppose -9 + 79 = -4*c + 2*x, -c = 5*x + 45. Let a = 19 + c. Let k(o) = 7*o**3 - o